{"id":898,"date":"2021-02-18T11:44:15","date_gmt":"2021-02-18T10:44:15","guid":{"rendered":"http:\/\/yuhsinuchang.ovh\/?page_id=898"},"modified":"2021-03-18T23:52:46","modified_gmt":"2021-03-18T22:52:46","slug":"sculpture-in-situ","status":"publish","type":"page","link":"http:\/\/yuhsinuchang.ovh\/index.php\/sculpture-in-situ\/","title":{"rendered":"Sculpture in situ &#8211; Invasion"},"content":{"rendered":"\n<h2>Invasion<\/h2>\n\n\n\n<p class=\"has-medium-font-size\"><\/p>\n\n\n\n<p style=\"font-size:14px;line-height:0\">sculpture <em>in sit<\/em>u<\/p>\n\n\n\n<p style=\"font-size:14px;line-height:0\">carri\u00e8re gallo-romaine \u00e0 Locuon Plo\u00ebrdut<\/p>\n\n\n\n<p style=\"font-size:14px;line-height:0\">2015<\/p>\n\n\n\n<p style=\"font-size:14px;line-height:0\">laine de mouton non card\u00e9e<\/p>\n\n\n\n<p style=\"font-size:14px;line-height:0\">H : 300 x L: 400 x l : 250 cm<\/p>\n\n\n\n<p class=\"has-medium-font-size\"><\/p>\n\n\n\n<p style=\"font-size:14px;line-height:1.5\">\u0152uvre produite dans le cadre de l\u2019exposition Lieux Mouvants, (commissaire : Jean Schalit), Locuon Plo\u00ebrdut, Btretagne, France<\/p>\n\n\n\n<p style=\"font-size:30px\"><\/p>\n\n\n\n<figure class=\"wp-block-gallery columns-1 is-cropped\"><ul class=\"blocks-gallery-grid\"><li class=\"blocks-gallery-item\"><figure><a href=\"http:\/\/yuhsinuchang.ovh\/wp-content\/uploads\/2021\/02\/invasion1.jpg\"><img loading=\"lazy\" width=\"735\" height=\"530\" src=\"http:\/\/yuhsinuchang.ovh\/wp-content\/uploads\/2021\/02\/invasion1.jpg\" alt=\"\" data-id=\"900\" data-full-url=\"http:\/\/yuhsinuchang.ovh\/wp-content\/uploads\/2021\/02\/invasion1.jpg\" data-link=\"http:\/\/yuhsinuchang.ovh\/index.php\/sculpture-in-situ\/invasion1\/\" class=\"wp-image-900\" srcset=\"http:\/\/yuhsinuchang.ovh\/wp-content\/uploads\/2021\/02\/invasion1.jpg 735w, http:\/\/yuhsinuchang.ovh\/wp-content\/uploads\/2021\/02\/invasion1-300x216.jpg 300w\" sizes=\"(max-width: 735px) 100vw, 735px\" \/><\/a><\/figure><\/li><\/ul><\/figure>\n\n\n\n<p style=\"font-size:15px\"><\/p>\n\n\n\n<p>Telle une m\u00e9t\u00e9orite tomb\u00e9e du ciel et venue finir sa course en s\u2019im- mis\u00e7ant dans les branches d\u2019un arbre, nous assistons ici \u00e0 une invasion silencieuse du paysage.<\/p>\n\n\n\n<p><em>Invasion <\/em>et <em>Tomb\u00e9e du ciel<\/em>, \u0153uvres \u00e0 la fois organiques et animales dialoguent avec l\u2019id\u00e9e de m\u00e9tamorphose, celle de la mati\u00e8re vers la sculpture.<br>Elle joue consciemment la rencontre de l\u2019\u0153uvre abstraite \u00e0 toute la panoplie des images du vivant que l\u2019on pourrait y lire.<\/p>\n\n\n\n<p style=\"font-size:25px\"><\/p>\n\n\n\n<figure class=\"wp-block-gallery columns-2 is-cropped\"><ul class=\"blocks-gallery-grid\"><li class=\"blocks-gallery-item\"><figure><a href=\"http:\/\/yuhsinuchang.ovh\/wp-content\/uploads\/2021\/02\/invasion7.jpg\"><img loading=\"lazy\" width=\"735\" height=\"530\" src=\"http:\/\/yuhsinuchang.ovh\/wp-content\/uploads\/2021\/02\/invasion7.jpg\" alt=\"\" data-id=\"905\" data-full-url=\"http:\/\/yuhsinuchang.ovh\/wp-content\/uploads\/2021\/02\/invasion7.jpg\" data-link=\"http:\/\/yuhsinuchang.ovh\/?attachment_id=905\" class=\"wp-image-905\" srcset=\"http:\/\/yuhsinuchang.ovh\/wp-content\/uploads\/2021\/02\/invasion7.jpg 735w, http:\/\/yuhsinuchang.ovh\/wp-content\/uploads\/2021\/02\/invasion7-300x216.jpg 300w\" sizes=\"(max-width: 735px) 100vw, 735px\" \/><\/a><\/figure><\/li><li class=\"blocks-gallery-item\"><figure><a href=\"http:\/\/yuhsinuchang.ovh\/wp-content\/uploads\/2021\/02\/invasion9.jpg\"><img loading=\"lazy\" width=\"735\" height=\"530\" src=\"http:\/\/yuhsinuchang.ovh\/wp-content\/uploads\/2021\/02\/invasion9.jpg\" alt=\"\" data-id=\"907\" data-full-url=\"http:\/\/yuhsinuchang.ovh\/wp-content\/uploads\/2021\/02\/invasion9.jpg\" data-link=\"http:\/\/yuhsinuchang.ovh\/?attachment_id=907\" class=\"wp-image-907\" srcset=\"http:\/\/yuhsinuchang.ovh\/wp-content\/uploads\/2021\/02\/invasion9.jpg 735w, http:\/\/yuhsinuchang.ovh\/wp-content\/uploads\/2021\/02\/invasion9-300x216.jpg 300w\" sizes=\"(max-width: 735px) 100vw, 735px\" \/><\/a><\/figure><\/li><li class=\"blocks-gallery-item\"><figure><a href=\"http:\/\/yuhsinuchang.ovh\/wp-content\/uploads\/2021\/02\/invasion5.jpg\"><img loading=\"lazy\" width=\"735\" height=\"530\" src=\"http:\/\/yuhsinuchang.ovh\/wp-content\/uploads\/2021\/02\/invasion5.jpg\" alt=\"\" data-id=\"903\" data-full-url=\"http:\/\/yuhsinuchang.ovh\/wp-content\/uploads\/2021\/02\/invasion5.jpg\" data-link=\"http:\/\/yuhsinuchang.ovh\/?attachment_id=903\" class=\"wp-image-903\" srcset=\"http:\/\/yuhsinuchang.ovh\/wp-content\/uploads\/2021\/02\/invasion5.jpg 735w, http:\/\/yuhsinuchang.ovh\/wp-content\/uploads\/2021\/02\/invasion5-300x216.jpg 300w\" sizes=\"(max-width: 735px) 100vw, 735px\" \/><\/a><\/figure><\/li><li class=\"blocks-gallery-item\"><figure><a href=\"http:\/\/yuhsinuchang.ovh\/wp-content\/uploads\/2021\/02\/invasion3.jpg\"><img loading=\"lazy\" width=\"735\" height=\"530\" src=\"http:\/\/yuhsinuchang.ovh\/wp-content\/uploads\/2021\/02\/invasion3.jpg\" alt=\"\" data-id=\"901\" data-full-url=\"http:\/\/yuhsinuchang.ovh\/wp-content\/uploads\/2021\/02\/invasion3.jpg\" data-link=\"http:\/\/yuhsinuchang.ovh\/?attachment_id=901\" class=\"wp-image-901\" srcset=\"http:\/\/yuhsinuchang.ovh\/wp-content\/uploads\/2021\/02\/invasion3.jpg 735w, http:\/\/yuhsinuchang.ovh\/wp-content\/uploads\/2021\/02\/invasion3-300x216.jpg 300w\" sizes=\"(max-width: 735px) 100vw, 735px\" \/><\/a><\/figure><\/li><\/ul><figcaption class=\"blocks-gallery-caption\">Installation dans une carri\u00e8re gallo-romaine \u00e0 Locuon, Plo\u00ebrdut, France<\/figcaption><\/figure>\n\n\n\n<p style=\"font-size:30px\"><\/p>\n\n\n\n<figure class=\"wp-block-gallery columns-1 is-cropped\"><ul class=\"blocks-gallery-grid\"><li class=\"blocks-gallery-item\"><figure><a href=\"http:\/\/yuhsinuchang.ovh\/wp-content\/uploads\/2021\/03\/Invasion-2017.jpg\"><img src=\"http:\/\/yuhsinuchang.ovh\/wp-content\/uploads\/2021\/03\/Invasion-2017.jpg\" alt=\"\" data-id=\"764\" data-full-url=\"http:\/\/yuhsinuchang.ovh\/wp-content\/uploads\/2021\/03\/Invasion-2017.jpg\" data-link=\"http:\/\/yuhsinuchang.ovh\/index.php\/sculpture-in-situ\/invasion-2017\/\" class=\"wp-image-764\"\/><\/a><\/figure><\/li><\/ul><figcaption class=\"blocks-gallery-caption\">Invasion en 2019 <\/figcaption><\/figure>\n","protected":false},"excerpt":{"rendered":"<p>Invasion sculpture in situ carri\u00e8re gallo-romaine \u00e0 Locuon Plo\u00ebrdut 2015 laine de mouton non card\u00e9e H : 300 x L: 400 x l : 250 cm \u0152uvre produite dans le cadre de l\u2019exposition Lieux Mouvants, (commissaire : Jean Schalit), Locuon Plo\u00ebrdut, Btretagne, France Telle une m\u00e9t\u00e9orite tomb\u00e9e du ciel et venue finir sa course en &hellip; <\/p>\n<p class=\"link-more\"><a href=\"http:\/\/yuhsinuchang.ovh\/index.php\/sculpture-in-situ\/\" class=\"more-link\">Continue reading<span class=\"screen-reader-text\"> &#8220;Sculpture in situ &#8211; Invasion&#8221;<\/span><\/a><\/p>\n","protected":false},"author":1,"featured_media":905,"parent":0,"menu_order":0,"comment_status":"closed","ping_status":"closed","template":"","meta":[],"_links":{"self":[{"href":"http:\/\/yuhsinuchang.ovh\/index.php\/wp-json\/wp\/v2\/pages\/898"}],"collection":[{"href":"http:\/\/yuhsinuchang.ovh\/index.php\/wp-json\/wp\/v2\/pages"}],"about":[{"href":"http:\/\/yuhsinuchang.ovh\/index.php\/wp-json\/wp\/v2\/types\/page"}],"author":[{"embeddable":true,"href":"http:\/\/yuhsinuchang.ovh\/index.php\/wp-json\/wp\/v2\/users\/1"}],"replies":[{"embeddable":true,"href":"http:\/\/yuhsinuchang.ovh\/index.php\/wp-json\/wp\/v2\/comments?post=898"}],"version-history":[{"count":16,"href":"http:\/\/yuhsinuchang.ovh\/index.php\/wp-json\/wp\/v2\/pages\/898\/revisions"}],"predecessor-version":[{"id":1569,"href":"http:\/\/yuhsinuchang.ovh\/index.php\/wp-json\/wp\/v2\/pages\/898\/revisions\/1569"}],"wp:featuredmedia":[{"embeddable":true,"href":"http:\/\/yuhsinuchang.ovh\/index.php\/wp-json\/wp\/v2\/media\/905"}],"wp:attachment":[{"href":"http:\/\/yuhsinuchang.ovh\/index.php\/wp-json\/wp\/v2\/media?parent=898"}],"curies":[{"name":"wp","href":"https:\/\/api.w.org\/{rel}","templated":true}]}}