{"id":631,"date":"2021-02-16T22:21:15","date_gmt":"2021-02-16T21:21:15","guid":{"rendered":"http:\/\/yuhsinuchang.ovh\/?page_id=631"},"modified":"2021-02-26T12:26:54","modified_gmt":"2021-02-26T11:26:54","slug":"sculpture-in-situ-entre","status":"publish","type":"page","link":"http:\/\/yuhsinuchang.ovh\/index.php\/sculpture-in-situ-entre\/","title":{"rendered":"Sculpture in situ &#8211; Entre"},"content":{"rendered":"\n<h2>Entre<\/h2>\n\n\n\n<p class=\"has-medium-font-size\"><\/p>\n\n\n\n<p style=\"font-size:14px;line-height:0\">sculpture in-situ<\/p>\n\n\n\n<p style=\"font-size:14px;line-height:0\">2016<\/p>\n\n\n\n<p style=\"font-size:14px;line-height:0\">bois, algues<\/p>\n\n\n\n<p style=\"font-size:14px;line-height:0\">H : 400 x L : 900 x l : 300 cm     <\/p>\n\n\n\n<p class=\"has-medium-font-size\" style=\"line-height:0\">                                                                                                                                       <\/p>\n\n\n\n<p style=\"font-size:14px;line-height:1.2\">\u0152uvre produite dans le cadrede l\u2019exposition Amers &#8211; le refuge \/ Art &amp; Nature, (commissaire : Micha\u00ebl Liborio), \u00eele d\u2019Ol\u00e9ron, France.<\/p>\n\n\n\n<p style=\"font-size:40px\"><\/p>\n\n\n\n<figure class=\"wp-block-gallery columns-1 is-cropped\"><ul class=\"blocks-gallery-grid\"><li class=\"blocks-gallery-item\"><figure><a href=\"http:\/\/yuhsinuchang.ovh\/wp-content\/uploads\/2021\/02\/entre8-1-1.jpg\"><img src=\"http:\/\/yuhsinuchang.ovh\/wp-content\/uploads\/2021\/02\/entre8-1-1.jpg\" alt=\"\" data-id=\"764\" data-full-url=\"http:\/\/yuhsinuchang.ovh\/wp-content\/uploads\/2021\/02\/entre8-1-1.jpg\" data-link=\"http:\/\/yuhsinuchang.ovh\/index.php\/sculpture-in-situ-entre\/entre8-1-2\/\" class=\"wp-image-764\"\/><\/a><\/figure><\/li><\/ul><\/figure>\n\n\n\n<p style=\"font-size:25px\"><\/p>\n\n\n\n<p>Dans ce projet, la notion de refuge est pens\u00e9e comme un espace entre, un intervalle ici, entre la mer et les dunes, m\u00e9taphore sur l\u2019\u00e9tat changeant du littoral et de la perception que l\u2019on en a.<\/p>\n\n\n\n<p><em>Entre <\/em>est arrim\u00e9e sur des pieux fig\u00e9s dans le sol sableux de la plage et align\u00e9s par rang\u00e9es pour tenter de lutter contre l\u2019\u00e9rosion des vagues. La sculpture donne \u00e0 voir un volume, un espace qui aurait amalgam\u00e9 progressivement des bois flott\u00e9s venus du large pour se figer sur ces structures de pieux, puis par flots continus, des algues tapissent, elles, les intervalles, les niches, les refuges de ces entre- lacs de bois.<\/p>\n\n\n\n<p>L\u2019acte sculptural rend actif le lieu, la mati\u00e8re et l\u2019esprit des choses.<\/p>\n\n\n\n<p>Enchev\u00eatrement de mat\u00e9riaux naturels, <em>Entre <\/em>joue avec le langage de la houle et des vagues, d\u2019un mouvement interrompu, tout en courbes et en ruptures. Une sculpture \u00e0 l\u2019\u00e9preuve des vents et mar\u00e9es, fragile, instable, fluide et immobile tout \u00e0 la fois.<\/p>\n\n\n\n<p style=\"font-size:25px\"><\/p>\n\n\n\n<figure class=\"wp-block-gallery columns-3 is-cropped\"><ul class=\"blocks-gallery-grid\"><li class=\"blocks-gallery-item\"><figure><a href=\"http:\/\/yuhsinuchang.ovh\/wp-content\/uploads\/2021\/02\/entre7-1.jpg\"><img loading=\"lazy\" width=\"735\" height=\"411\" src=\"http:\/\/yuhsinuchang.ovh\/wp-content\/uploads\/2021\/02\/entre7-1.jpg\" alt=\"\" data-id=\"638\" data-full-url=\"http:\/\/yuhsinuchang.ovh\/wp-content\/uploads\/2021\/02\/entre7-1.jpg\" data-link=\"http:\/\/yuhsinuchang.ovh\/index.php\/sculpture-in-situ-entre\/entre7-1\/\" class=\"wp-image-638\" srcset=\"http:\/\/yuhsinuchang.ovh\/wp-content\/uploads\/2021\/02\/entre7-1.jpg 735w, http:\/\/yuhsinuchang.ovh\/wp-content\/uploads\/2021\/02\/entre7-1-300x168.jpg 300w\" sizes=\"(max-width: 735px) 100vw, 735px\" \/><\/a><\/figure><\/li><li class=\"blocks-gallery-item\"><figure><a href=\"http:\/\/yuhsinuchang.ovh\/wp-content\/uploads\/2021\/02\/entre11-1.jpg\"><img loading=\"lazy\" width=\"992\" height=\"744\" src=\"http:\/\/yuhsinuchang.ovh\/wp-content\/uploads\/2021\/02\/entre11-1.jpg\" alt=\"\" data-id=\"642\" data-full-url=\"http:\/\/yuhsinuchang.ovh\/wp-content\/uploads\/2021\/02\/entre11-1.jpg\" data-link=\"http:\/\/yuhsinuchang.ovh\/index.php\/sculpture-in-situ-entre\/entre11-1\/\" class=\"wp-image-642\" srcset=\"http:\/\/yuhsinuchang.ovh\/wp-content\/uploads\/2021\/02\/entre11-1.jpg 992w, http:\/\/yuhsinuchang.ovh\/wp-content\/uploads\/2021\/02\/entre11-1-300x225.jpg 300w, http:\/\/yuhsinuchang.ovh\/wp-content\/uploads\/2021\/02\/entre11-1-768x576.jpg 768w\" sizes=\"(max-width: 767px) 89vw, (max-width: 1000px) 54vw, (max-width: 1071px) 543px, 580px\" \/><\/a><\/figure><\/li><li class=\"blocks-gallery-item\"><figure><a href=\"http:\/\/yuhsinuchang.ovh\/wp-content\/uploads\/2021\/02\/entre12-1.jpg\"><img loading=\"lazy\" width=\"992\" height=\"744\" src=\"http:\/\/yuhsinuchang.ovh\/wp-content\/uploads\/2021\/02\/entre12-1.jpg\" alt=\"\" data-id=\"643\" data-full-url=\"http:\/\/yuhsinuchang.ovh\/wp-content\/uploads\/2021\/02\/entre12-1.jpg\" data-link=\"http:\/\/yuhsinuchang.ovh\/index.php\/sculpture-in-situ-entre\/entre12-1\/\" class=\"wp-image-643\" srcset=\"http:\/\/yuhsinuchang.ovh\/wp-content\/uploads\/2021\/02\/entre12-1.jpg 992w, http:\/\/yuhsinuchang.ovh\/wp-content\/uploads\/2021\/02\/entre12-1-300x225.jpg 300w, http:\/\/yuhsinuchang.ovh\/wp-content\/uploads\/2021\/02\/entre12-1-768x576.jpg 768w\" sizes=\"(max-width: 767px) 89vw, (max-width: 1000px) 54vw, (max-width: 1071px) 543px, 580px\" \/><\/a><\/figure><\/li><li class=\"blocks-gallery-item\"><figure><a href=\"http:\/\/yuhsinuchang.ovh\/wp-content\/uploads\/2021\/02\/entre13-1.jpg\"><img loading=\"lazy\" width=\"992\" height=\"744\" src=\"http:\/\/yuhsinuchang.ovh\/wp-content\/uploads\/2021\/02\/entre13-1.jpg\" alt=\"\" data-id=\"644\" data-full-url=\"http:\/\/yuhsinuchang.ovh\/wp-content\/uploads\/2021\/02\/entre13-1.jpg\" data-link=\"http:\/\/yuhsinuchang.ovh\/index.php\/sculpture-in-situ-entre\/entre13-1\/\" class=\"wp-image-644\" srcset=\"http:\/\/yuhsinuchang.ovh\/wp-content\/uploads\/2021\/02\/entre13-1.jpg 992w, http:\/\/yuhsinuchang.ovh\/wp-content\/uploads\/2021\/02\/entre13-1-300x225.jpg 300w, http:\/\/yuhsinuchang.ovh\/wp-content\/uploads\/2021\/02\/entre13-1-768x576.jpg 768w\" sizes=\"(max-width: 767px) 89vw, (max-width: 1000px) 54vw, (max-width: 1071px) 543px, 580px\" \/><\/a><\/figure><\/li><li class=\"blocks-gallery-item\"><figure><a href=\"http:\/\/yuhsinuchang.ovh\/wp-content\/uploads\/2021\/02\/entre9-1.jpg\"><img loading=\"lazy\" width=\"992\" height=\"661\" src=\"http:\/\/yuhsinuchang.ovh\/wp-content\/uploads\/2021\/02\/entre9-1.jpg\" alt=\"\" data-id=\"640\" data-full-url=\"http:\/\/yuhsinuchang.ovh\/wp-content\/uploads\/2021\/02\/entre9-1.jpg\" data-link=\"http:\/\/yuhsinuchang.ovh\/index.php\/sculpture-in-situ-entre\/entre9-1\/\" class=\"wp-image-640\" srcset=\"http:\/\/yuhsinuchang.ovh\/wp-content\/uploads\/2021\/02\/entre9-1.jpg 992w, http:\/\/yuhsinuchang.ovh\/wp-content\/uploads\/2021\/02\/entre9-1-300x200.jpg 300w, http:\/\/yuhsinuchang.ovh\/wp-content\/uploads\/2021\/02\/entre9-1-768x512.jpg 768w\" sizes=\"(max-width: 767px) 89vw, (max-width: 1000px) 54vw, (max-width: 1071px) 543px, 580px\" \/><\/a><\/figure><\/li><\/ul><\/figure>\n\n\n\n<figure class=\"wp-block-gallery columns-1 is-cropped\"><ul class=\"blocks-gallery-grid\"><li class=\"blocks-gallery-item\"><figure><a href=\"http:\/\/yuhsinuchang.ovh\/wp-content\/uploads\/2021\/02\/entre10-1.jpg\"><img src=\"http:\/\/yuhsinuchang.ovh\/wp-content\/uploads\/2021\/02\/entre10-1.jpg\" alt=\"\" data-id=\"764\" data-full-url=\"http:\/\/yuhsinuchang.ovh\/wp-content\/uploads\/2021\/02\/entre10-1.jpg\" data-link=\"http:\/\/yuhsinuchang.ovh\/index.php\/sculpture-in-situ-entre\/entre10-1\/\" class=\"wp-image-764\"\/><\/a><\/figure><\/li><\/ul><figcaption class=\"blocks-gallery-caption\">Installation \u00e0 Saint-Trojan-les-Bains, \u00cele d\u2019Ol\u00e9ron, France<\/figcaption><\/figure>\n","protected":false},"excerpt":{"rendered":"<p>Entre sculpture in-situ 2016 bois, algues H : 400 x L : 900 x l : 300 cm \u0152uvre produite dans le cadrede l\u2019exposition Amers &#8211; le refuge \/ Art &amp; Nature, (commissaire : Micha\u00ebl Liborio), \u00eele d\u2019Ol\u00e9ron, France. Dans ce projet, la notion de refuge est pens\u00e9e comme un espace entre, un intervalle ici, &hellip; <\/p>\n<p class=\"link-more\"><a href=\"http:\/\/yuhsinuchang.ovh\/index.php\/sculpture-in-situ-entre\/\" class=\"more-link\">Continue reading<span class=\"screen-reader-text\"> &#8220;Sculpture in situ &#8211; Entre&#8221;<\/span><\/a><\/p>\n","protected":false},"author":1,"featured_media":632,"parent":0,"menu_order":0,"comment_status":"closed","ping_status":"closed","template":"","meta":[],"_links":{"self":[{"href":"http:\/\/yuhsinuchang.ovh\/index.php\/wp-json\/wp\/v2\/pages\/631"}],"collection":[{"href":"http:\/\/yuhsinuchang.ovh\/index.php\/wp-json\/wp\/v2\/pages"}],"about":[{"href":"http:\/\/yuhsinuchang.ovh\/index.php\/wp-json\/wp\/v2\/types\/page"}],"author":[{"embeddable":true,"href":"http:\/\/yuhsinuchang.ovh\/index.php\/wp-json\/wp\/v2\/users\/1"}],"replies":[{"embeddable":true,"href":"http:\/\/yuhsinuchang.ovh\/index.php\/wp-json\/wp\/v2\/comments?post=631"}],"version-history":[{"count":18,"href":"http:\/\/yuhsinuchang.ovh\/index.php\/wp-json\/wp\/v2\/pages\/631\/revisions"}],"predecessor-version":[{"id":1511,"href":"http:\/\/yuhsinuchang.ovh\/index.php\/wp-json\/wp\/v2\/pages\/631\/revisions\/1511"}],"wp:featuredmedia":[{"embeddable":true,"href":"http:\/\/yuhsinuchang.ovh\/index.php\/wp-json\/wp\/v2\/media\/632"}],"wp:attachment":[{"href":"http:\/\/yuhsinuchang.ovh\/index.php\/wp-json\/wp\/v2\/media?parent=631"}],"curies":[{"name":"wp","href":"https:\/\/api.w.org\/{rel}","templated":true}]}}

<h2>Entre</h2>



<p class="has-medium-font-size"></p>



<p style="font-size:14px;line-height:0">sculpture in-situ</p>



<p style="font-size:14px;line-height:0">2016</p>



<p style="font-size:14px;line-height:0">bois, algues</p>



<p style="font-size:14px;line-height:0">H : 400 x L : 900 x l : 300 cm     </p>



<p class="has-medium-font-size" style="line-height:0">                                                                                                                                       </p>



<p style="font-size:14px;line-height:1.2">Œuvre produite dans le cadrede l’exposition Amers &#8211; le refuge / Art &amp; Nature, (commissaire : Michaël Liborio), île d’Oléron, France.</p>



<p style="font-size:40px"></p>



<figure class="wp-block-gallery columns-1 is-cropped"><ul class="blocks-gallery-grid"><li class="blocks-gallery-item"><figure><a href="http://yuhsinuchang.ovh/wp-content/uploads/2021/02/entre8-1-1.jpg"><img src="http://yuhsinuchang.ovh/wp-content/uploads/2021/02/entre8-1-1.jpg" alt="" data-id="764" data-full-url="http://yuhsinuchang.ovh/wp-content/uploads/2021/02/entre8-1-1.jpg" data-link="http://yuhsinuchang.ovh/index.php/sculpture-in-situ-entre/entre8-1-2/" class="wp-image-764"/></a></figure></li></ul></figure>



<p style="font-size:25px"></p>



<p>Dans ce projet, la notion de refuge est pensée comme un espace entre, un intervalle ici, entre la mer et les dunes, métaphore sur l’état changeant du littoral et de la perception que l’on en a.</p>



<p><em>Entre </em>est arrimée sur des pieux figés dans le sol sableux de la plage et alignés par rangées pour tenter de lutter contre l’érosion des vagues. La sculpture donne à voir un volume, un espace qui aurait amalgamé progressivement des bois flottés venus du large pour se figer sur ces structures de pieux, puis par flots continus, des algues tapissent, elles, les intervalles, les niches, les refuges de ces entre- lacs de bois.</p>



<p>L’acte sculptural rend actif le lieu, la matière et l’esprit des choses.</p>



<p>Enchevêtrement de matériaux naturels, <em>Entre </em>joue avec le langage de la houle et des vagues, d’un mouvement interrompu, tout en courbes et en ruptures. Une sculpture à l’épreuve des vents et marées, fragile, instable, fluide et immobile tout à la fois.</p>



<p style="font-size:25px"></p>



<figure class="wp-block-gallery columns-3 is-cropped"><ul class="blocks-gallery-grid"><li class="blocks-gallery-item"><figure><a href="http://yuhsinuchang.ovh/wp-content/uploads/2021/02/entre7-1.jpg"><img loading="lazy" width="735" height="411" src="http://yuhsinuchang.ovh/wp-content/uploads/2021/02/entre7-1.jpg" alt="" data-id="638" data-full-url="http://yuhsinuchang.ovh/wp-content/uploads/2021/02/entre7-1.jpg" data-link="http://yuhsinuchang.ovh/index.php/sculpture-in-situ-entre/entre7-1/" class="wp-image-638" srcset="http://yuhsinuchang.ovh/wp-content/uploads/2021/02/entre7-1.jpg 735w, http://yuhsinuchang.ovh/wp-content/uploads/2021/02/entre7-1-300x168.jpg 300w" sizes="(max-width: 735px) 100vw, 735px" /></a></figure></li><li class="blocks-gallery-item"><figure><a href="http://yuhsinuchang.ovh/wp-content/uploads/2021/02/entre11-1.jpg"><img loading="lazy" width="992" height="744" src="http://yuhsinuchang.ovh/wp-content/uploads/2021/02/entre11-1.jpg" alt="" data-id="642" data-full-url="http://yuhsinuchang.ovh/wp-content/uploads/2021/02/entre11-1.jpg" data-link="http://yuhsinuchang.ovh/index.php/sculpture-in-situ-entre/entre11-1/" class="wp-image-642" srcset="http://yuhsinuchang.ovh/wp-content/uploads/2021/02/entre11-1.jpg 992w, http://yuhsinuchang.ovh/wp-content/uploads/2021/02/entre11-1-300x225.jpg 300w, http://yuhsinuchang.ovh/wp-content/uploads/2021/02/entre11-1-768x576.jpg 768w" sizes="(max-width: 767px) 89vw, (max-width: 1000px) 54vw, (max-width: 1071px) 543px, 580px" /></a></figure></li><li class="blocks-gallery-item"><figure><a href="http://yuhsinuchang.ovh/wp-content/uploads/2021/02/entre12-1.jpg"><img loading="lazy" width="992" height="744" src="http://yuhsinuchang.ovh/wp-content/uploads/2021/02/entre12-1.jpg" alt="" data-id="643" data-full-url="http://yuhsinuchang.ovh/wp-content/uploads/2021/02/entre12-1.jpg" data-link="http://yuhsinuchang.ovh/index.php/sculpture-in-situ-entre/entre12-1/" class="wp-image-643" srcset="http://yuhsinuchang.ovh/wp-content/uploads/2021/02/entre12-1.jpg 992w, http://yuhsinuchang.ovh/wp-content/uploads/2021/02/entre12-1-300x225.jpg 300w, http://yuhsinuchang.ovh/wp-content/uploads/2021/02/entre12-1-768x576.jpg 768w" sizes="(max-width: 767px) 89vw, (max-width: 1000px) 54vw, (max-width: 1071px) 543px, 580px" /></a></figure></li><li class="blocks-gallery-item"><figure><a href="http://yuhsinuchang.ovh/wp-content/uploads/2021/02/entre13-1.jpg"><img loading="lazy" width="992" height="744" src="http://yuhsinuchang.ovh/wp-content/uploads/2021/02/entre13-1.jpg" alt="" data-id="644" data-full-url="http://yuhsinuchang.ovh/wp-content/uploads/2021/02/entre13-1.jpg" data-link="http://yuhsinuchang.ovh/index.php/sculpture-in-situ-entre/entre13-1/" class="wp-image-644" srcset="http://yuhsinuchang.ovh/wp-content/uploads/2021/02/entre13-1.jpg 992w, http://yuhsinuchang.ovh/wp-content/uploads/2021/02/entre13-1-300x225.jpg 300w, http://yuhsinuchang.ovh/wp-content/uploads/2021/02/entre13-1-768x576.jpg 768w" sizes="(max-width: 767px) 89vw, (max-width: 1000px) 54vw, (max-width: 1071px) 543px, 580px" /></a></figure></li><li class="blocks-gallery-item"><figure><a href="http://yuhsinuchang.ovh/wp-content/uploads/2021/02/entre9-1.jpg"><img loading="lazy" width="992" height="661" src="http://yuhsinuchang.ovh/wp-content/uploads/2021/02/entre9-1.jpg" alt="" data-id="640" data-full-url="http://yuhsinuchang.ovh/wp-content/uploads/2021/02/entre9-1.jpg" data-link="http://yuhsinuchang.ovh/index.php/sculpture-in-situ-entre/entre9-1/" class="wp-image-640" srcset="http://yuhsinuchang.ovh/wp-content/uploads/2021/02/entre9-1.jpg 992w, http://yuhsinuchang.ovh/wp-content/uploads/2021/02/entre9-1-300x200.jpg 300w, http://yuhsinuchang.ovh/wp-content/uploads/2021/02/entre9-1-768x512.jpg 768w" sizes="(max-width: 767px) 89vw, (max-width: 1000px) 54vw, (max-width: 1071px) 543px, 580px" /></a></figure></li></ul></figure>



<figure class="wp-block-gallery columns-1 is-cropped"><ul class="blocks-gallery-grid"><li class="blocks-gallery-item"><figure><a href="http://yuhsinuchang.ovh/wp-content/uploads/2021/02/entre10-1.jpg"><img src="http://yuhsinuchang.ovh/wp-content/uploads/2021/02/entre10-1.jpg" alt="" data-id="764" data-full-url="http://yuhsinuchang.ovh/wp-content/uploads/2021/02/entre10-1.jpg" data-link="http://yuhsinuchang.ovh/index.php/sculpture-in-situ-entre/entre10-1/" class="wp-image-764"/></a></figure></li></ul><figcaption class="blocks-gallery-caption">Installation à Saint-Trojan-les-Bains, Île d’Oléron, France</figcaption></figure>

<p>Entre sculpture in-situ 2016 bois, algues H : 400 x L : 900 x l : 300 cm Œuvre produite dans le cadrede l’exposition Amers &#8211; le refuge / Art &amp; Nature, (commissaire : Michaël Liborio), île d’Oléron, France. Dans ce projet, la notion de refuge est pensée comme un espace entre, un intervalle ici, &hellip; </p>
<p class="link-more"><a href="http://yuhsinuchang.ovh/index.php/sculpture-in-situ-entre/" class="more-link">Continue reading<span class="screen-reader-text"> &#8220;Sculpture in situ &#8211; Entre&#8221;</span></a></p>
