{"id":1102,"date":"2021-02-18T21:51:33","date_gmt":"2021-02-18T20:51:33","guid":{"rendered":"http:\/\/yuhsinuchang.ovh\/?page_id=1102"},"modified":"2021-02-19T23:13:18","modified_gmt":"2021-02-19T22:13:18","slug":"sculpture-in-site-poussiere-dans-le-mam-paris","status":"publish","type":"page","link":"http:\/\/yuhsinuchang.ovh\/index.php\/sculpture-in-site-poussiere-dans-le-mam-paris\/","title":{"rendered":"Sculpture in site &#8211; Poussi\u00e8re dans le MAM Paris"},"content":{"rendered":"\n<h2>Poussi\u00e8re dans le Mus\u00e9e d&#8217;Art Moderne de Paris<\/h2>\n\n\n\n<p class=\"has-medium-font-size\"><\/p>\n\n\n\n<p style=\"font-size:14px;line-height:0\">sculpture <em>in situ<\/em><\/p>\n\n\n\n<p style=\"font-size:14px;line-height:0\">2010<\/p>\n\n\n\n<p style=\"font-size:14px;line-height:0\">poussi\u00e8re domestique<\/p>\n\n\n\n<p style=\"font-size:14px;line-height:0\">H : 350 x L: 200 x l : 320 cm<\/p>\n\n\n\n<p class=\"has-medium-font-size\"><\/p>\n\n\n\n<p style=\"font-size:14px;line-height:1.3\">\u0152uvre produite dans le cadre de l\u2019exposition <em>Dynasty <\/em>(commissaires : Angeline Scherf, Jessica Castex et Anne Dressen), Mus\u00e9e d\u2019art moderne de la ville de Paris, France.<\/p>\n\n\n\n<p style=\"font-size:30px\"><\/p>\n\n\n\n<figure class=\"wp-block-gallery columns-3 is-cropped\"><ul class=\"blocks-gallery-grid\"><li class=\"blocks-gallery-item\"><figure><a href=\"http:\/\/yuhsinuchang.ovh\/wp-content\/uploads\/2021\/02\/poussieremam3-1.jpg\"><img loading=\"lazy\" width=\"403\" height=\"530\" src=\"http:\/\/yuhsinuchang.ovh\/wp-content\/uploads\/2021\/02\/poussieremam3-1.jpg\" alt=\"\" data-id=\"1106\" data-full-url=\"http:\/\/yuhsinuchang.ovh\/wp-content\/uploads\/2021\/02\/poussieremam3-1.jpg\" data-link=\"http:\/\/yuhsinuchang.ovh\/?attachment_id=1106\" class=\"wp-image-1106\" srcset=\"http:\/\/yuhsinuchang.ovh\/wp-content\/uploads\/2021\/02\/poussieremam3-1.jpg 403w, http:\/\/yuhsinuchang.ovh\/wp-content\/uploads\/2021\/02\/poussieremam3-1-228x300.jpg 228w\" sizes=\"(max-width: 403px) 100vw, 403px\" \/><\/a><\/figure><\/li><li class=\"blocks-gallery-item\"><figure><a href=\"http:\/\/yuhsinuchang.ovh\/wp-content\/uploads\/2021\/02\/poussieremam2-1.jpg\"><img loading=\"lazy\" width=\"398\" height=\"530\" src=\"http:\/\/yuhsinuchang.ovh\/wp-content\/uploads\/2021\/02\/poussieremam2-1.jpg\" alt=\"\" data-id=\"1105\" data-full-url=\"http:\/\/yuhsinuchang.ovh\/wp-content\/uploads\/2021\/02\/poussieremam2-1.jpg\" data-link=\"http:\/\/yuhsinuchang.ovh\/?attachment_id=1105\" class=\"wp-image-1105\" srcset=\"http:\/\/yuhsinuchang.ovh\/wp-content\/uploads\/2021\/02\/poussieremam2-1.jpg 398w, http:\/\/yuhsinuchang.ovh\/wp-content\/uploads\/2021\/02\/poussieremam2-1-225x300.jpg 225w\" sizes=\"(max-width: 398px) 100vw, 398px\" \/><\/a><\/figure><\/li><li class=\"blocks-gallery-item\"><figure><a href=\"http:\/\/yuhsinuchang.ovh\/wp-content\/uploads\/2021\/02\/poussieremam1-1.jpg\"><img loading=\"lazy\" width=\"432\" height=\"530\" src=\"http:\/\/yuhsinuchang.ovh\/wp-content\/uploads\/2021\/02\/poussieremam1-1.jpg\" alt=\"\" data-id=\"1104\" data-full-url=\"http:\/\/yuhsinuchang.ovh\/wp-content\/uploads\/2021\/02\/poussieremam1-1.jpg\" data-link=\"http:\/\/yuhsinuchang.ovh\/?attachment_id=1104\" class=\"wp-image-1104\" srcset=\"http:\/\/yuhsinuchang.ovh\/wp-content\/uploads\/2021\/02\/poussieremam1-1.jpg 432w, http:\/\/yuhsinuchang.ovh\/wp-content\/uploads\/2021\/02\/poussieremam1-1-245x300.jpg 245w\" sizes=\"(max-width: 432px) 100vw, 432px\" \/><\/a><\/figure><\/li><\/ul><\/figure>\n\n\n\n<p style=\"font-size:15px\"><\/p>\n\n\n\n<p>Le monument de poussi\u00e8re envahissant, semble surnaturel. Ce g\u00e9ant de poussi\u00e8re, l\u2019invisible dans le visible, une appendice du lieu, \u00eatre inachev\u00e9, \u00e9bauche d\u2019un corps de r\u00e9sidus, fait ressurgir le cach\u00e9 et incarne le rejet, une accumulation du temps.<\/p>\n\n\n\n<p>Ce g\u00e9ant de poussi\u00e8re est dans un \u00e9tat instable, ainsi c\u2019est comme si il est en train de se d\u00e9sagr\u00e9ger. Cette d\u00e9sagr\u00e9gation permet de mettre en avant une opposition, celle de la d\u00e9composition et celle du renouveau (un colosse na\u00eet).<br>La poussi\u00e8re s\u2019effrite comme de la peau morte ou une \u00e9rosion de roche par le vent.<\/p>\n\n\n\n<p style=\"font-size:25px\"><\/p>\n\n\n\n<figure class=\"wp-block-gallery columns-1 is-cropped\"><ul class=\"blocks-gallery-grid\"><li class=\"blocks-gallery-item\"><figure><a href=\"http:\/\/yuhsinuchang.ovh\/wp-content\/uploads\/2021\/02\/poussieremam4.jpg\"><img loading=\"lazy\" width=\"735\" height=\"530\" src=\"http:\/\/yuhsinuchang.ovh\/wp-content\/uploads\/2021\/02\/poussieremam4.jpg\" alt=\"\" data-id=\"1107\" data-full-url=\"http:\/\/yuhsinuchang.ovh\/wp-content\/uploads\/2021\/02\/poussieremam4.jpg\" data-link=\"http:\/\/yuhsinuchang.ovh\/index.php\/sculpture-in-site-poussiere-dans-le-mam-paris\/poussieremam4\/\" class=\"wp-image-1107\" srcset=\"http:\/\/yuhsinuchang.ovh\/wp-content\/uploads\/2021\/02\/poussieremam4.jpg 735w, http:\/\/yuhsinuchang.ovh\/wp-content\/uploads\/2021\/02\/poussieremam4-300x216.jpg 300w\" sizes=\"(max-width: 735px) 100vw, 735px\" \/><\/a><\/figure><\/li><\/ul><figcaption class=\"blocks-gallery-caption\">Installation au Mus\u00e9e d&#8217;Art moderne de Paris, France<\/figcaption><\/figure>\n","protected":false},"excerpt":{"rendered":"<p>Poussi\u00e8re dans le Mus\u00e9e d&#8217;Art Moderne de Paris sculpture in situ 2010 poussi\u00e8re domestique H : 350 x L: 200 x l : 320 cm \u0152uvre produite dans le cadre de l\u2019exposition Dynasty (commissaires : Angeline Scherf, Jessica Castex et Anne Dressen), Mus\u00e9e d\u2019art moderne de la ville de Paris, France. Le monument de poussi\u00e8re &hellip; <\/p>\n<p class=\"link-more\"><a href=\"http:\/\/yuhsinuchang.ovh\/index.php\/sculpture-in-site-poussiere-dans-le-mam-paris\/\" class=\"more-link\">Continue reading<span class=\"screen-reader-text\"> &#8220;Sculpture in site &#8211; Poussi\u00e8re dans le MAM Paris&#8221;<\/span><\/a><\/p>\n","protected":false},"author":1,"featured_media":1103,"parent":0,"menu_order":0,"comment_status":"closed","ping_status":"closed","template":"","meta":[],"_links":{"self":[{"href":"http:\/\/yuhsinuchang.ovh\/index.php\/wp-json\/wp\/v2\/pages\/1102"}],"collection":[{"href":"http:\/\/yuhsinuchang.ovh\/index.php\/wp-json\/wp\/v2\/pages"}],"about":[{"href":"http:\/\/yuhsinuchang.ovh\/index.php\/wp-json\/wp\/v2\/types\/page"}],"author":[{"embeddable":true,"href":"http:\/\/yuhsinuchang.ovh\/index.php\/wp-json\/wp\/v2\/users\/1"}],"replies":[{"embeddable":true,"href":"http:\/\/yuhsinuchang.ovh\/index.php\/wp-json\/wp\/v2\/comments?post=1102"}],"version-history":[{"count":8,"href":"http:\/\/yuhsinuchang.ovh\/index.php\/wp-json\/wp\/v2\/pages\/1102\/revisions"}],"predecessor-version":[{"id":1410,"href":"http:\/\/yuhsinuchang.ovh\/index.php\/wp-json\/wp\/v2\/pages\/1102\/revisions\/1410"}],"wp:featuredmedia":[{"embeddable":true,"href":"http:\/\/yuhsinuchang.ovh\/index.php\/wp-json\/wp\/v2\/media\/1103"}],"wp:attachment":[{"href":"http:\/\/yuhsinuchang.ovh\/index.php\/wp-json\/wp\/v2\/media?parent=1102"}],"curies":[{"name":"wp","href":"https:\/\/api.w.org\/{rel}","templated":true}]}}